{"id":1557,"date":"2024-01-29T15:39:03","date_gmt":"2024-01-29T15:39:03","guid":{"rendered":"https:\/\/gaphrsm.ca\/lecteur\/?page_id=1557"},"modified":"2024-03-14T17:47:05","modified_gmt":"2024-03-14T17:47:05","slug":"brigade-axecible","status":"publish","type":"page","link":"https:\/\/www.gaphrsm.ca\/lecteur\/brigade-axecible\/","title":{"rendered":"Brigade AXECIBLE"},"content":{"rendered":"<h2 style=\"text-align: center;\"><strong>Le Groupement\u00a0<\/strong><strong>des associations de personnes handicap\u00e9es de la Rive-Sud de Montr\u00e9al (GAPHRSM)<\/strong>\u00a0<strong>vous invite \u00e0 vous joindre \u00e0 la Brigade AXECIBLE qui\u00a0<\/strong><strong>est maintenant disponible sur la Rive-Sud de Montr\u00e9al.<\/strong><\/h2>\n<p><img loading=\"lazy\" decoding=\"async\" class=\"wpa-warning wpa-image-missing-alt size-full wp-image-2280 alignright\" src=\"https:\/\/www.gaphrsm.ca\/wp-content\/uploads\/2024\/01\/axecible_Logo__Brigade-Copie-300x1361-1.png\" alt=\"Borigade axecible logo\" width=\"300\" height=\"136\" \/><\/p>\n<h2>LA BRIGADE C\u2019EST QUOI ?<\/h2>\n<p>C\u2019est un site Internet et une application mobile, utilis\u00e9s par une \u00e9quipe de brigadiers et brigadi\u00e8res anonymes, qui \u00e9value l\u2019accessibilit\u00e9 des documents, des sites Internet, des services et des \u00e9tablissements publics (municipalit\u00e9s, centres de services scolaires, \u00e9tablissements de sant\u00e9).<\/p>\n<h2>LA BRIGADE C\u2019EST POUR QUI ?<\/h2>\n<ul>\n<li>Toute personne ayant une limitation fonctionnelle ou ses proches.<\/li>\n<li>Toute personne qui rencontre des obstacles et qui veut partager son exp\u00e9rience client.<\/li>\n<li>Toute personne intervenante, animatrice ou accompagnatrice d\u2019une personne ayant une limitation.<\/li>\n<\/ul>\n<p><em>La Brigade AXECIBLE, c\u2019est un outil simple que les personnes handicap\u00e9es peuvent utiliser au quotidien pour faire conna\u00eetre leur appr\u00e9ciation quant \u00e0 l\u2019accessibilit\u00e9 des lieux et des services publics qu\u2019elles fr\u00e9quentent ou utilisent.<\/em><\/p>\n<p><em>La Brigade AXECIBLE, c\u2019est\u00a0 un engagement citoyen pour les personnes handicap\u00e9es qui pourront l\u2019utiliser en temps r\u00e9el et ainsi contribuer \u00e0 l\u2019am\u00e9lioration de la qualit\u00e9 de vie de tous.<\/em><\/p>\n<p><em>La Brigade AXECIBLE, c\u2019est \u00e9galement\u00a0 un outil qui permettra de recueillir de pr\u00e9cieuses informations quant aux obstacles rencontr\u00e9s par les citoyens vivant avec des limitations.<\/em><\/p>\n<p><strong>Pour devenir brigadier ou brigadi\u00e8re<\/strong>, vous devez vous inscrire et cr\u00e9er un profil personnalis\u00e9 en lien avec votre type de limitations:\u00a0<a class=\"extlink https\" href=\"https:\/\/www.axecible.org\/brigade.php\">https:\/\/www.axecible.org\/brigade.php<\/a><\/p>\n<ul>\n<li><a class=\"button\" href=\"https:\/\/www.gaphrsm.ca\/wp-content\/uploads\/2024\/03\/Brigade_comment-sinscrire.docx\" target=\"_blank\" rel=\"noopener\">Voici comment vous inscrire et cr\u00e9er votre profil personnalis\u00e9 (document Word\u00a0 .docx)<\/a><\/li>\n<\/ul>\n<p>Par la suite, vous recevrez une confirmation de votre inscription et un guide du brigadier pour vous aider \u00e0 vous familiariser avec le fonctionnement de l\u2019application ou du site web.<\/p>\n<p><strong>Vous pouvez \u00e9galement consulter la brochure promotionnelle :<\/strong><\/p>\n<p><a class=\"extlink https\" href=\"https:\/\/www.aphrso.org\/wp-content\/uploads\/2023\/11\/GAPHRSM-Brochure-Brigadier.pdf\">GAPHRSM \u2013 Brochure Brigadier<\/a>\u00a0(format PDF)<\/p>\n<p><a class=\"extlink https\" href=\"https:\/\/www.aphrso.org\/wp-content\/uploads\/2023\/11\/GAPHRSM-Brochure-brigadier.docx\">GAPHRSM \u2013 Brochure brigadier<\/a>\u00a0(Format Word)<\/p>\n<p><strong>Le GAPHRSM\u00a0<\/strong><strong>est<\/strong>\u00a0disponible au besoin pour vous soutenir et r\u00e9pondre \u00e0 vos questionnements.<\/p>\n<p>T\u00e9l\u00e9phone: 450\u00a0923-1548<\/p>\n<p>Courriel:\u00a0<a href=\"mailto:info@gaphrsm.ca\">info@gaphrsm.ca<\/a><\/p>\n<p><em>Note: L\u2019application mobile n\u2019est malheureusement pas compatible actuellement sur les t\u00e9l\u00e9phones Apple. Pour les d\u00e9tenteurs de ce type d\u2019appareils, sachez que les \u00e9valuations peuvent toutefois s\u2019effectuer directement sur le site web:\u00a0\u00a0<\/em><em><a class=\"extlink https\" href=\"https:\/\/www.axecible.org\/\">https:\/\/www.axecible.org<\/a><\/em><\/p>\n<p><em>La Brigade est une\u00a0<\/em><em>initiative du Regroupement des organismes de promotion de personnes handicap\u00e9es de Laval (ROPPHL)<\/em><\/p>\n","protected":false},"excerpt":{"rendered":"<p>Le Groupement\u00a0des associations de personnes handicap\u00e9es de la Rive-Sud de Montr\u00e9al (GAPHRSM)\u00a0vous invite \u00e0 vous joindre \u00e0 la Brigade AXECIBLE qui\u00a0est maintenant disponible sur la Rive-Sud de Montr\u00e9al. LA BRIGADE C\u2019EST QUOI ? C\u2019est un site Internet et une application mobile, utilis\u00e9s par une \u00e9quipe de brigadiers et brigadi\u00e8res anonymes, qui \u00e9value l\u2019accessibilit\u00e9 des documents,&hellip; <\/p>\n<p class=\"simppeli-read-more\"><a href=\"https:\/\/www.gaphrsm.ca\/lecteur\/brigade-axecible\/\" class=\"more-link\">Continue reading <span class=\"screen-reader-text\">Brigade AXECIBLE<\/span> <span class=\"meta-nav\">&rarr;<\/span><\/a><\/p>\n","protected":false},"author":1,"featured_media":0,"parent":0,"menu_order":0,"comment_status":"closed","ping_status":"closed","template":"","meta":{"footnotes":""},"class_list":["post-1557","page","type-page","status-publish","hentry"],"_links":{"self":[{"href":"https:\/\/www.gaphrsm.ca\/lecteur\/wp-json\/wp\/v2\/pages\/1557","targetHints":{"allow":["GET"]}}],"collection":[{"href":"https:\/\/www.gaphrsm.ca\/lecteur\/wp-json\/wp\/v2\/pages"}],"about":[{"href":"https:\/\/www.gaphrsm.ca\/lecteur\/wp-json\/wp\/v2\/types\/page"}],"author":[{"embeddable":true,"href":"https:\/\/www.gaphrsm.ca\/lecteur\/wp-json\/wp\/v2\/users\/1"}],"replies":[{"embeddable":true,"href":"https:\/\/www.gaphrsm.ca\/lecteur\/wp-json\/wp\/v2\/comments?post=1557"}],"version-history":[{"count":4,"href":"https:\/\/www.gaphrsm.ca\/lecteur\/wp-json\/wp\/v2\/pages\/1557\/revisions"}],"predecessor-version":[{"id":1588,"href":"https:\/\/www.gaphrsm.ca\/lecteur\/wp-json\/wp\/v2\/pages\/1557\/revisions\/1588"}],"wp:attachment":[{"href":"https:\/\/www.gaphrsm.ca\/lecteur\/wp-json\/wp\/v2\/media?parent=1557"}],"curies":[{"name":"wp","href":"https:\/\/api.w.org\/{rel}","templated":true}]}}