{"id":765,"date":"2018-01-30T22:17:50","date_gmt":"2018-01-30T22:17:50","guid":{"rendered":"https:\/\/gaphrsm.ca\/lecteur\/?page_id=765"},"modified":"2018-01-30T22:19:18","modified_gmt":"2018-01-30T22:19:18","slug":"soutien-a-la-famille-3","status":"publish","type":"page","link":"https:\/\/www.gaphrsm.ca\/lecteur\/soutien-a-la-famille-3\/","title":{"rendered":"Soutien \u00e0 la famille &#8211; Mobilisation agence"},"content":{"rendered":"<h2>Mobilisation agence<\/h2>\n<p>Le 7 avril dernier, avait lieu un grand rassemblement de parents, de personnes handicap\u00e9es et d\u2019intervenants des maisons de r\u00e9pit de la Mont\u00e9r\u00e9gie au conseil d\u2019administration de l\u2019Agence de sant\u00e9 et des services sociaux. Plus de 80 personnes se sont d\u00e9plac\u00e9es. Le GAPHRSM \u00e9tait pr\u00e9sent.<\/p>\n<p>Cette mobilisation convoqu\u00e9e pour r\u00e9aliser un point de presse fut suivie de plusieurs interventions. Les utilisateurs des services des maisons de r\u00e9pit ont voulu interpeller l\u2019Agence pour le rehaussement du financement de ces ressources essentielles pour les parents d\u2019enfants vivant avec une ou des limitations fonctionnelles. Les parents ont d\u00e9nonc\u00e9 les conditions pr\u00e9caires de ces ressources, menac\u00e9es de fermeture. Les maisons de r\u00e9pit sont sous-financ\u00e9es de fa\u00e7on criante! On y constate que d\u2019autres types de maisons d\u2019h\u00e9bergement ont r\u00e9ussi \u00e0 obtenir un soutien financier \u00e0 la mesure de leurs besoins exprim\u00e9s.<\/p>\n<p>Est-ce \u00e0 dire que le besoin de r\u00e9pit aux parents et aux aidants des personnes handicap\u00e9es n\u2019est pas reconnu par nos d\u00e9cideurs?<\/p>\n<p>Les parents qui sont intervenus lors de la s\u00e9ance du conseil d\u2019administration de l\u2019Agence ont sembl\u00e9 toucher les administrateurs qui ont estim\u00e9 que le financement pourrait \u00eatre r\u00e9\u00e9valu\u00e9, \u00e0 la lumi\u00e8re des faits expos\u00e9s.<\/p>\n<p>C\u2019est ce que le GAPHRSM souhaite \u00e0 tr\u00e8s court terme !<\/p>\n<p>C\u2019est \u00e0 suivre\u2026<\/p>\n","protected":false},"excerpt":{"rendered":"<p>Mobilisation agence Le 7 avril dernier, avait lieu un grand rassemblement de parents, de personnes handicap\u00e9es et d\u2019intervenants des maisons de r\u00e9pit de la Mont\u00e9r\u00e9gie au conseil d\u2019administration de l\u2019Agence de sant\u00e9 et des services sociaux. Plus de 80 personnes se sont d\u00e9plac\u00e9es. Le GAPHRSM \u00e9tait pr\u00e9sent. Cette mobilisation convoqu\u00e9e pour r\u00e9aliser un point de&hellip; <\/p>\n<p class=\"simppeli-read-more\"><a href=\"https:\/\/www.gaphrsm.ca\/lecteur\/soutien-a-la-famille-3\/\" class=\"more-link\">Continue reading <span class=\"screen-reader-text\">Soutien \u00e0 la famille &#8211; Mobilisation agence<\/span> <span class=\"meta-nav\">&rarr;<\/span><\/a><\/p>\n","protected":false},"author":1,"featured_media":0,"parent":0,"menu_order":0,"comment_status":"closed","ping_status":"closed","template":"","meta":{"footnotes":""},"class_list":["post-765","page","type-page","status-publish","hentry"],"_links":{"self":[{"href":"https:\/\/www.gaphrsm.ca\/lecteur\/wp-json\/wp\/v2\/pages\/765","targetHints":{"allow":["GET"]}}],"collection":[{"href":"https:\/\/www.gaphrsm.ca\/lecteur\/wp-json\/wp\/v2\/pages"}],"about":[{"href":"https:\/\/www.gaphrsm.ca\/lecteur\/wp-json\/wp\/v2\/types\/page"}],"author":[{"embeddable":true,"href":"https:\/\/www.gaphrsm.ca\/lecteur\/wp-json\/wp\/v2\/users\/1"}],"replies":[{"embeddable":true,"href":"https:\/\/www.gaphrsm.ca\/lecteur\/wp-json\/wp\/v2\/comments?post=765"}],"version-history":[{"count":2,"href":"https:\/\/www.gaphrsm.ca\/lecteur\/wp-json\/wp\/v2\/pages\/765\/revisions"}],"predecessor-version":[{"id":767,"href":"https:\/\/www.gaphrsm.ca\/lecteur\/wp-json\/wp\/v2\/pages\/765\/revisions\/767"}],"wp:attachment":[{"href":"https:\/\/www.gaphrsm.ca\/lecteur\/wp-json\/wp\/v2\/media?parent=765"}],"curies":[{"name":"wp","href":"https:\/\/api.w.org\/{rel}","templated":true}]}}